{"id":1060,"date":"2026-04-10T23:40:48","date_gmt":"2026-04-10T21:40:48","guid":{"rendered":"https:\/\/solenemaro41.fr\/?product=sac-cabas-armani-exchange-noir"},"modified":"2026-04-10T23:40:51","modified_gmt":"2026-04-10T21:40:51","slug":"sac-cabas-armani-exchange-noir","status":"publish","type":"product","link":"https:\/\/solenemaro41.fr\/?product=sac-cabas-armani-exchange-noir","title":{"rendered":"SAC CABAS ARMANI EXCHANGE NOIR"},"content":{"rendered":"<p><strong>Caract\u00e9.ristiques du SAC CABAS ARMANI EXCHANGE DOUBLES ANSES NOIR<\/strong><\/p>\n<p><span>Pratique, spacieux, extr\u00ea.mement fonctionnel : c&rsquo;est un sac contemporain.<\/span><\/p>\n<p><span>Capable de discr\u00e9.tion et ne manquant jamais de sa touche personnelle dans chaque look.<\/span><\/p>\n<p><span>Bref, un sac sign\u00e9. A | X : en toile de coton m\u00e9.lang\u00e9. avec inscription logo all-over, avec une bande contrast\u00e9.e personnalis\u00e9.e et des doubles anses.<\/span><\/p>\n<ul>\n<li>Sac cabas en toile avec double poign\u00e9.es<\/li>\n<li>Lettrage du logo sur l&rsquo;ensemble et bande logot\u00e9.e<\/li>\n<\/ul>\n<p>Dimensions :<\/p>\n<ul>\n<li><span>30 x 29 x 11,5 cm<\/span><\/li>\n<\/ul>\n<p>Composition :\u00a0.<\/p>\n<ul>\n<li>\n<p>70 % polyester, 30 % coton<\/p>\n<\/li>\n<\/ul>\n<p><strong>Informations livraisons<\/strong><\/p>\n<div>Les frais de livraisons sont offerts d\u00e8.s 40&#038;euro. d&rsquo;achats<br \/>Livraison entre 3 et 5 jours<\/div>\n<div>Mode de paiement s\u00e9.curis\u00e9.s accept\u00e9.s : CARTE BANCAIRE\u00a0. ou\u00a0. PAYPAL<br \/>R\u00e9.ception des marchandises : A domicile ou Retrait \u00e0. notre magasin<br \/>Consulter nos<a href=\"https:\/\/www.solene-maroquinerie.fr\/conditions_generales_de_vente.html\" target=\"_self\" title=\"Nos CGV\">\u00a0.conditions g\u00e9.n\u00e9.rales de ventes<\/a><\/div>\n","protected":false},"excerpt":{"rendered":"<p>Caract\u00e9.ristiques du SAC CABAS ARMANI EXCHANGE DOUBLES ANSES NOIR Pratique, spacieux, extr\u00ea.mement fonctionnel : c&rsquo;est un sac contemporain. Capable de discr\u00e9.tion et ne manquant jamais de sa touche personnelle dans chaque look. Bref, un sac sign\u00e9. A | X : en toile de coton m\u00e9.lang\u00e9. avec inscription logo all-over, avec une bande contrast\u00e9.e personnalis\u00e9.e et [&hellip;]<\/p>\n","protected":false},"featured_media":1059,"comment_status":"open","ping_status":"closed","template":"","meta":[],"product_brand":[70],"product_cat":[28,69],"product_tag":[],"class_list":{"0":"post-1060","1":"product","2":"type-product","3":"status-publish","4":"has-post-thumbnail","6":"product_brand-armani-exchange","7":"product_cat-sac-a-main-2","8":"product_cat-sac-femme","10":"first","11":"instock","12":"shipping-taxable","13":"purchasable","14":"product-type-simple"},"_links":{"self":[{"href":"https:\/\/solenemaro41.fr\/index.php?rest_route=\/wp\/v2\/product\/1060","targetHints":{"allow":["GET"]}}],"collection":[{"href":"https:\/\/solenemaro41.fr\/index.php?rest_route=\/wp\/v2\/product"}],"about":[{"href":"https:\/\/solenemaro41.fr\/index.php?rest_route=\/wp\/v2\/types\/product"}],"replies":[{"embeddable":true,"href":"https:\/\/solenemaro41.fr\/index.php?rest_route=%2Fwp%2Fv2%2Fcomments&post=1060"}],"wp:featuredmedia":[{"embeddable":true,"href":"https:\/\/solenemaro41.fr\/index.php?rest_route=\/wp\/v2\/media\/1059"}],"wp:attachment":[{"href":"https:\/\/solenemaro41.fr\/index.php?rest_route=%2Fwp%2Fv2%2Fmedia&parent=1060"}],"wp:term":[{"taxonomy":"product_brand","embeddable":true,"href":"https:\/\/solenemaro41.fr\/index.php?rest_route=%2Fwp%2Fv2%2Fproduct_brand&post=1060"},{"taxonomy":"product_cat","embeddable":true,"href":"https:\/\/solenemaro41.fr\/index.php?rest_route=%2Fwp%2Fv2%2Fproduct_cat&post=1060"},{"taxonomy":"product_tag","embeddable":true,"href":"https:\/\/solenemaro41.fr\/index.php?rest_route=%2Fwp%2Fv2%2Fproduct_tag&post=1060"}],"curies":[{"name":"wp","href":"https:\/\/api.w.org\/{rel}","templated":true}]}}