{"id":1065,"date":"2026-04-10T23:40:52","date_gmt":"2026-04-10T21:40:52","guid":{"rendered":"https:\/\/solenemaro41.fr\/?product=sac-bugatti-lacoste-chantaco-noi"},"modified":"2026-04-10T23:40:54","modified_gmt":"2026-04-10T21:40:54","slug":"sac-bugatti-lacoste-chantaco-noi","status":"publish","type":"product","link":"https:\/\/solenemaro41.fr\/?product=sac-bugatti-lacoste-chantaco-noi","title":{"rendered":"SAC BUGATTI LACOSTE CHANTACO NOI"},"content":{"rendered":"<div><strong>Caract\u00e9.ristiques du\u00a0.<\/strong><strong>Sac bugatti LACOSTE \u00e0. bandouli\u00e8.re amovible Chantaco en cuir piqu\u00e9. noir<\/strong><\/div>\n<p><span style=\"color: #292929. font-family: arial, helvetica, sans-serif. font-size: small.\">Une forme bugatti iconique caract\u00e9.rise ce petit sac Chantaco. Confectionn\u00e9. en cuir piqu\u00e9. premium rappelant la texture des balles de golf, il est muni d&rsquo;une fermeture zipp\u00e9.e pour garder vos essentiels en s\u00e9.curit\u00e9., de poign\u00e9.es et d&rsquo;une bandouli\u00e8.re ajustable et amovible. Portez-le crois\u00e9. le long du corps ou \u00e0. la main selon vos envies.<\/span><\/p>\n<p><span style=\"color: #292929. font-family: arial, helvetica, sans-serif. font-size: small.\"><\/span><br \/><span style=\"font-family: arial, helvetica, sans-serif. font-size: small.\"><span style=\"color: #292929.\">\u00b7.<span style=\"font-variant-numeric: normal. font-variant-east-asian: normal. font-stretch: normal. line-height: normal.\">\u00a0.\u00a0.\u00a0.\u00a0.\u00a0.\u00a0.\u00a0. <\/span><\/span><span style=\"color: #292929.\">Int\u00e9.rieur 1 poche plate<\/span><\/span><br \/><span style=\"font-family: arial, helvetica, sans-serif. font-size: small.\"><span style=\"color: #292929.\">\u00b7.<span style=\"font-variant-numeric: normal. font-variant-east-asian: normal. font-stretch: normal. line-height: normal.\">\u00a0.\u00a0.\u00a0.\u00a0.\u00a0.\u00a0.\u00a0. <\/span><\/span><span style=\"color: #292929.\">Fermeture zipp\u00e9.e, bandouli\u00e8.re sangle r\u00e9.glable amovible<\/span><\/span><br \/><span style=\"font-family: arial, helvetica, sans-serif. font-size: small.\"><span style=\"color: #292929.\">\u00b7.<span style=\"font-variant-numeric: normal. font-variant-east-asian: normal. font-stretch: normal. line-height: normal.\">\u00a0.\u00a0.\u00a0.\u00a0.\u00a0.\u00a0.\u00a0. <\/span><\/span><span style=\"color: #292929.\">Crocodile en m\u00e9.tal<\/span><\/span><br \/><span style=\"font-family: arial, helvetica, sans-serif. font-size: small.\"><span style=\"color: #292929.\">\u00b7.<span style=\"font-variant-numeric: normal. font-variant-east-asian: normal. font-stretch: normal. line-height: normal.\">\u00a0.\u00a0.\u00a0.\u00a0.\u00a0.\u00a0.\u00a0. <\/span><\/span><span style=\"color: #292929.\">Dimensions 24 x 17,5 x 8 cm<\/span><\/span><br \/><span style=\"font-family: arial, helvetica, sans-serif. font-size: small.\"><span style=\"color: #292929.\">\u00b7.<span style=\"font-variant-numeric: normal. font-variant-east-asian: normal. font-stretch: normal. line-height: normal.\">\u00a0.\u00a0.\u00a0.\u00a0.\u00a0.\u00a0.\u00a0. <\/span><\/span><span style=\"color: #292929.\">Cuir piqu\u00e9.<\/span><\/span><\/p>\n<p><span style=\"font-family: arial, helvetica, sans-serif. font-size: small.\"><span style=\"color: #292929.\">\u00b7.<span style=\"font-variant-numeric: normal. font-variant-east-asian: normal. font-stretch: normal. line-height: normal.\">\u00a0.\u00a0.\u00a0.\u00a0.\u00a0.\u00a0.\u00a0. <\/span><\/span><span style=\"color: #292929.\">Exterieur: Refente de cuir vachette (100%)<\/span><\/span><\/p>\n<p><strong>Informations livraisons<\/strong><\/p>\n<p>Les frais de livraisons sont offerts d\u00e8.s 40&#038;euro. d&rsquo;achats<\/p>\n<div>Livraison entre 3 et 5 jours<\/div>\n<p>Mode de paiement s\u00e9.curis\u00e9.s accept\u00e9.s : CARTE BANCAIRE\u00a0. ou\u00a0. PAYPAL<\/p>\n<div>R\u00e9.ception des marchandises : A domicile ou Retrait \u00e0. notre magasin<\/div>\n<div>Consulter nos<a href=\"http:\/\/www.solene-maroquinerie.fr\/conditions_generales_de_vente.html\" target=\"_self\" title=\"Nos CGV\">\u00a0.conditions g\u00e9.n\u00e9.rales de ventes<\/a><\/div>\n<p>\u00a0.<\/p>\n<p>\u00a0.<\/p>\n<p><span style=\"font-family: arial, helvetica, sans-serif. font-size: x-small.\"><br \/><\/span><\/p>\n<h1 class=\"title--medium l-vmargin--medium padding-m-1 \" style=\"box-sizing: border-box. margin: 0px 0px 15px. padding: 0px. border: 0px. font-variant-numeric: inherit. font-variant-east-asian: inherit. font-weight: normal. font-stretch: inherit. font-size: 1.8rem. line-height: 2.8rem. font-family: Archivo, Arial, Helvetica, sans-serif. vertical-align: baseline. color: #292929.\">Sac bugatti \u00e0. bandouli\u00e8.re amovible Chantaco en cuir piqu\u00e9.<\/h1>\n","protected":false},"excerpt":{"rendered":"<p>Caract\u00e9.ristiques du\u00a0.Sac bugatti LACOSTE \u00e0. bandouli\u00e8.re amovible Chantaco en cuir piqu\u00e9. noir Une forme bugatti iconique caract\u00e9.rise ce petit sac Chantaco. Confectionn\u00e9. en cuir piqu\u00e9. premium rappelant la texture des balles de golf, il est muni d&rsquo;une fermeture zipp\u00e9.e pour garder vos essentiels en s\u00e9.curit\u00e9., de poign\u00e9.es et d&rsquo;une bandouli\u00e8.re ajustable et amovible. Portez-le crois\u00e9. [&hellip;]<\/p>\n","protected":false},"featured_media":1064,"comment_status":"open","ping_status":"closed","template":"","meta":[],"product_brand":[25],"product_cat":[24,23],"product_tag":[],"class_list":{"0":"post-1065","1":"product","2":"type-product","3":"status-publish","4":"has-post-thumbnail","6":"product_brand-lacoste","7":"product_cat-divers","8":"product_cat-femme","10":"first","11":"instock","12":"shipping-taxable","13":"purchasable","14":"product-type-simple"},"_links":{"self":[{"href":"https:\/\/solenemaro41.fr\/index.php?rest_route=\/wp\/v2\/product\/1065","targetHints":{"allow":["GET"]}}],"collection":[{"href":"https:\/\/solenemaro41.fr\/index.php?rest_route=\/wp\/v2\/product"}],"about":[{"href":"https:\/\/solenemaro41.fr\/index.php?rest_route=\/wp\/v2\/types\/product"}],"replies":[{"embeddable":true,"href":"https:\/\/solenemaro41.fr\/index.php?rest_route=%2Fwp%2Fv2%2Fcomments&post=1065"}],"wp:featuredmedia":[{"embeddable":true,"href":"https:\/\/solenemaro41.fr\/index.php?rest_route=\/wp\/v2\/media\/1064"}],"wp:attachment":[{"href":"https:\/\/solenemaro41.fr\/index.php?rest_route=%2Fwp%2Fv2%2Fmedia&parent=1065"}],"wp:term":[{"taxonomy":"product_brand","embeddable":true,"href":"https:\/\/solenemaro41.fr\/index.php?rest_route=%2Fwp%2Fv2%2Fproduct_brand&post=1065"},{"taxonomy":"product_cat","embeddable":true,"href":"https:\/\/solenemaro41.fr\/index.php?rest_route=%2Fwp%2Fv2%2Fproduct_cat&post=1065"},{"taxonomy":"product_tag","embeddable":true,"href":"https:\/\/solenemaro41.fr\/index.php?rest_route=%2Fwp%2Fv2%2Fproduct_tag&post=1065"}],"curies":[{"name":"wp","href":"https:\/\/api.w.org\/{rel}","templated":true}]}}