{"id":1088,"date":"2026-04-10T23:41:17","date_gmt":"2026-04-10T21:41:17","guid":{"rendered":"https:\/\/solenemaro41.fr\/?product=sac-cabas-zippe-lacoste-l-12-12-3"},"modified":"2026-04-10T23:41:20","modified_gmt":"2026-04-10T21:41:20","slug":"sac-cabas-zippe-lacoste-l-12-12-3","status":"publish","type":"product","link":"https:\/\/solenemaro41.fr\/?product=sac-cabas-zippe-lacoste-l-12-12-3","title":{"rendered":"Sac cabas zipp\u00e9 LACOSTE L.12.12"},"content":{"rendered":"<p><strong>Caract\u00e9.ristiques du\u00a0.Sac cabas zipp\u00e9. L.12.12 grand genet<\/strong><\/p>\n<div>\n<div>Inspir\u00e9. du sport, ce cabas plein d&rsquo;\u00e9.nergie est \u00e9.quip\u00e9. d&rsquo;une poche int\u00e9.rieure en mesh &#8211; inspir\u00e9. du filet de tennis. Un mod\u00e8.le pratique dont les anses allong\u00e9.es offrent un maximum de confort.<\/div>\n<ul>\n<li>Int\u00e9.rieur 1 poche filet zipp\u00e9.e et anneau d&rsquo;accroche<\/li>\n<li>Tire-zip marqu\u00e9. Lacoste<\/li>\n<li>Crocodile ton sur ton brod\u00e9.<\/li>\n<li>Dimensions 30 X 45 X 12 cm<\/li>\n<li>Ext\u00e9.rieur : Pvc (100%)<\/li>\n<\/ul><\/div>\n<p><strong>Informations livraisons<\/strong><\/p>\n<div>Les frais de livraisons sont offerts d\u00e8.s 40&#038;euro. d&rsquo;achats<br \/>Livraison entre 3 et 5 jours<\/div>\n<div>Mode de paiement s\u00e9.curis\u00e9.s accept\u00e9.s : CARTE BANCAIRE\u00a0. ou\u00a0. PAYPAL<br \/>R\u00e9.ception des marchandises : A domicile ou Retrait \u00e0. notre magasin<br \/>Consulter nos<a href=\"http:\/\/www.solene-maroquinerie.fr\/conditions_generales_de_vente.html\" target=\"_self\" title=\"Nos CGV\">\u00a0.conditions g\u00e9.n\u00e9.rales de ventes<\/a><\/div>\n","protected":false},"excerpt":{"rendered":"<p>Caract\u00e9.ristiques du\u00a0.Sac cabas zipp\u00e9. L.12.12 grand genet Inspir\u00e9. du sport, ce cabas plein d&rsquo;\u00e9.nergie est \u00e9.quip\u00e9. d&rsquo;une poche int\u00e9.rieure en mesh &#8211; inspir\u00e9. du filet de tennis. Un mod\u00e8.le pratique dont les anses allong\u00e9.es offrent un maximum de confort. Int\u00e9.rieur 1 poche filet zipp\u00e9.e et anneau d&rsquo;accroche Tire-zip marqu\u00e9. Lacoste Crocodile ton sur ton brod\u00e9. [&hellip;]<\/p>\n","protected":false},"featured_media":1087,"comment_status":"open","ping_status":"closed","template":"","meta":[],"product_brand":[25],"product_cat":[24,23],"product_tag":[],"class_list":{"0":"post-1088","1":"product","2":"type-product","3":"status-publish","4":"has-post-thumbnail","6":"product_brand-lacoste","7":"product_cat-divers","8":"product_cat-femme","10":"first","11":"instock","12":"shipping-taxable","13":"purchasable","14":"product-type-simple"},"_links":{"self":[{"href":"https:\/\/solenemaro41.fr\/index.php?rest_route=\/wp\/v2\/product\/1088","targetHints":{"allow":["GET"]}}],"collection":[{"href":"https:\/\/solenemaro41.fr\/index.php?rest_route=\/wp\/v2\/product"}],"about":[{"href":"https:\/\/solenemaro41.fr\/index.php?rest_route=\/wp\/v2\/types\/product"}],"replies":[{"embeddable":true,"href":"https:\/\/solenemaro41.fr\/index.php?rest_route=%2Fwp%2Fv2%2Fcomments&post=1088"}],"wp:featuredmedia":[{"embeddable":true,"href":"https:\/\/solenemaro41.fr\/index.php?rest_route=\/wp\/v2\/media\/1087"}],"wp:attachment":[{"href":"https:\/\/solenemaro41.fr\/index.php?rest_route=%2Fwp%2Fv2%2Fmedia&parent=1088"}],"wp:term":[{"taxonomy":"product_brand","embeddable":true,"href":"https:\/\/solenemaro41.fr\/index.php?rest_route=%2Fwp%2Fv2%2Fproduct_brand&post=1088"},{"taxonomy":"product_cat","embeddable":true,"href":"https:\/\/solenemaro41.fr\/index.php?rest_route=%2Fwp%2Fv2%2Fproduct_cat&post=1088"},{"taxonomy":"product_tag","embeddable":true,"href":"https:\/\/solenemaro41.fr\/index.php?rest_route=%2Fwp%2Fv2%2Fproduct_tag&post=1088"}],"curies":[{"name":"wp","href":"https:\/\/api.w.org\/{rel}","templated":true}]}}