{"id":1208,"date":"2026-04-10T23:56:30","date_gmt":"2026-04-10T21:56:30","guid":{"rendered":"https:\/\/solenemaro41.fr\/?product=cartable-tanns-35cm-paloma-fram"},"modified":"2026-04-10T23:56:35","modified_gmt":"2026-04-10T21:56:35","slug":"cartable-tanns-35cm-paloma-fram","status":"publish","type":"product","link":"https:\/\/solenemaro41.fr\/?product=cartable-tanns-35cm-paloma-fram","title":{"rendered":"CARTABLE TANN&rsquo;S 35cm PALOMA FRAM"},"content":{"rendered":"<p><strong>Caract\u00e9.ristiques du CARTABLE TANN&rsquo;S 35cm PALOMA MARINE<\/strong><\/p>\n<p>Le mod\u00e8.le Paloma se d\u00e9.cline dans un tr\u00e8.s joli coloris framboise auquel nous avons associ\u00e9. des d\u00e9.tails dor\u00e9.s pour le sublimer dont une hirondelle, symbole d&#038;rsquo.une rentr\u00e9.e heureuse.<br \/>Mati\u00e8.re \u00e9.co-responsable: ce cartable est fabriqu\u00e9. \u00e0. partir d&rsquo;un polyester de haute qualit\u00e9. issu de bouteilles plastiques recycl\u00e9.es.<strong><br \/><\/strong><\/p>\n<p><strong>Dimensions :<\/strong><\/p>\n<ul>\n<li><span>35cm x 27cm x 14.5cm<\/span><\/li>\n<li><span>14 Litres<\/span><\/li>\n<\/ul>\n<p><strong>Poids :<\/strong><\/p>\n<ul>\n<li>0,730 Kg<\/li>\n<\/ul>\n<p><strong>Informations livraisons<\/strong><\/p>\n<p>Les frais de livraisons sont offerts d\u00e8.s 40&#038;euro. d&rsquo;achats<\/p>\n<div>Livraison entre 3 et 5 jours<\/div>\n<p>Mode de paiement s\u00e9.curis\u00e9.s accept\u00e9.s : CARTE BANCAIRE\u00a0. ou\u00a0. PAYPAL<\/p>\n<div>R\u00e9.ception des marchandises : A domicile ou Retrait \u00e0. notre magasin<\/div>\n<div>Consulter nos<a href=\"https:\/\/www.solene-maroquinerie.fr\/conditions_generales_de_vente.html\" target=\"_self\" title=\"Nos CGV\">\u00a0.conditions g\u00e9.n\u00e9.rales de ventes<\/a><\/div>\n<p>\u00a0.<\/p>\n","protected":false},"excerpt":{"rendered":"<p>Caract\u00e9.ristiques du CARTABLE TANN&rsquo;S 35cm PALOMA MARINE Le mod\u00e8.le Paloma se d\u00e9.cline dans un tr\u00e8.s joli coloris framboise auquel nous avons associ\u00e9. des d\u00e9.tails dor\u00e9.s pour le sublimer dont une hirondelle, symbole d&#038;rsquo.une rentr\u00e9.e heureuse.Mati\u00e8.re \u00e9.co-responsable: ce cartable est fabriqu\u00e9. \u00e0. partir d&rsquo;un polyester de haute qualit\u00e9. issu de bouteilles plastiques recycl\u00e9.es. Dimensions : 35cm [&hellip;]<\/p>\n","protected":false},"featured_media":1207,"comment_status":"open","ping_status":"closed","template":"","meta":[],"product_brand":[38],"product_cat":[36,37],"product_tag":[],"class_list":{"0":"post-1208","1":"product","2":"type-product","3":"status-publish","4":"has-post-thumbnail","6":"product_brand-tanns","7":"product_cat-cartable-tanns-35cm","8":"product_cat-cartables","10":"first","11":"instock","12":"shipping-taxable","13":"purchasable","14":"product-type-simple"},"_links":{"self":[{"href":"https:\/\/solenemaro41.fr\/index.php?rest_route=\/wp\/v2\/product\/1208","targetHints":{"allow":["GET"]}}],"collection":[{"href":"https:\/\/solenemaro41.fr\/index.php?rest_route=\/wp\/v2\/product"}],"about":[{"href":"https:\/\/solenemaro41.fr\/index.php?rest_route=\/wp\/v2\/types\/product"}],"replies":[{"embeddable":true,"href":"https:\/\/solenemaro41.fr\/index.php?rest_route=%2Fwp%2Fv2%2Fcomments&post=1208"}],"wp:featuredmedia":[{"embeddable":true,"href":"https:\/\/solenemaro41.fr\/index.php?rest_route=\/wp\/v2\/media\/1207"}],"wp:attachment":[{"href":"https:\/\/solenemaro41.fr\/index.php?rest_route=%2Fwp%2Fv2%2Fmedia&parent=1208"}],"wp:term":[{"taxonomy":"product_brand","embeddable":true,"href":"https:\/\/solenemaro41.fr\/index.php?rest_route=%2Fwp%2Fv2%2Fproduct_brand&post=1208"},{"taxonomy":"product_cat","embeddable":true,"href":"https:\/\/solenemaro41.fr\/index.php?rest_route=%2Fwp%2Fv2%2Fproduct_cat&post=1208"},{"taxonomy":"product_tag","embeddable":true,"href":"https:\/\/solenemaro41.fr\/index.php?rest_route=%2Fwp%2Fv2%2Fproduct_tag&post=1208"}],"curies":[{"name":"wp","href":"https:\/\/api.w.org\/{rel}","templated":true}]}}