{"id":1261,"date":"2026-04-11T00:00:48","date_gmt":"2026-04-10T22:00:48","guid":{"rendered":"https:\/\/solenemaro41.fr\/?product=eastpak-out-of-office-l30-gothic"},"modified":"2026-04-11T00:00:48","modified_gmt":"2026-04-10T22:00:48","slug":"eastpak-out-of-office-l30-gothic","status":"publish","type":"product","link":"https:\/\/solenemaro41.fr\/?product=eastpak-out-of-office-l30-gothic","title":{"rendered":"EASTPAK OUT OF OFFICE L30 GOTHIC"},"content":{"rendered":"<p><span style=\"font-family: arial, helvetica, sans-serif. font-size: 10pt. color: #000000.\">Avec une poche rembourr\u00e9.e pour ordinateur portable qui prot\u00e8.gera votre appareil, son dos confortable et ses sangles rembourr\u00e9.es, ce sac \u00e0. dos Eastpak est parfait pour les jeunes professionnels toujours en mouvement entre les r\u00e9.unions.<\/span><\/p>\n<p><span style=\"font-family: arial, helvetica, sans-serif. font-size: 10pt. color: #000000.\">La poche en filet \u00e0. zip vous permet de ranger vos documents importants en les gardant \u00e0. port\u00e9.e de main.<\/span><\/p>\n<div>\n<ul>\n<li><span style=\"font-family: arial, helvetica, sans-serif. font-size: 10pt. color: #000000.\">Poche pour ordinateur 33 x 29 x 3cm<\/span><\/li>\n<li><span style=\"font-family: arial, helvetica, sans-serif. font-size: 10pt. color: #000000.\">Grand compartiment compos\u00e9. d&rsquo;un emplacement rembourr\u00e9. avec velcro pour ordinateur portable et d&rsquo;une poche en filet zipp\u00e9.e \u00e0. l&rsquo;avant<\/span><\/li>\n<li><span style=\"font-family: arial, helvetica, sans-serif. font-size: 10pt. color: #000000.\">1 poche avant<\/span><\/li>\n<li><span style=\"font-family: arial, helvetica, sans-serif. font-size: 10pt. color: #000000.\">Dos matelass\u00e9.<\/span><\/li>\n<li><span style=\"font-family: arial, helvetica, sans-serif. font-size: 10pt. color: #000000.\">2 bretelles matelass\u00e9.es ajustables et anti-d\u00e9.rapantes<\/span><\/li>\n<\/ul>\n<div><span style=\"font-family: arial, helvetica, sans-serif. font-size: 10pt. color: #000000.\">Hauteur : 44 cm<\/span><\/div>\n<div><span style=\"font-family: arial, helvetica, sans-serif. font-size: 10pt. color: #000000.\">Largeur : 29.5 cm<\/span><\/div>\n<div><span style=\"font-family: arial, helvetica, sans-serif. font-size: 10pt. color: #000000.\">Profondeur : 22 cm<\/span><\/div>\n<div><span style=\"font-family: arial, helvetica, sans-serif. font-size: 10pt. color: #000000.\">Volume : 27 L<\/span><\/div>\n<div><span style=\"font-family: arial, helvetica, sans-serif. font-size: 10pt. color: #000000.\">Poids : 510 g<\/span><\/div>\n<div><span style=\"font-family: arial, helvetica, sans-serif. font-size: 10pt. color: #000000.\">Garantie : 30 ans<\/span><\/div>\n<div><span style=\"font-family: arial, helvetica, sans-serif. font-size: 10pt. color: #000000.\">Mat\u00e9.riel : Polyamide<\/span><\/div>\n<\/p><\/div>\n","protected":false},"excerpt":{"rendered":"<p>Avec une poche rembourr\u00e9.e pour ordinateur portable qui prot\u00e8.gera votre appareil, son dos confortable et ses sangles rembourr\u00e9.es, ce sac \u00e0. dos Eastpak est parfait pour les jeunes professionnels toujours en mouvement entre les r\u00e9.unions. La poche en filet \u00e0. zip vous permet de ranger vos documents importants en les gardant \u00e0. port\u00e9.e de main. [&hellip;]<\/p>\n","protected":false},"featured_media":1260,"comment_status":"open","ping_status":"closed","template":"","meta":[],"product_brand":[20],"product_cat":[19,21],"product_tag":[],"class_list":{"0":"post-1261","1":"product","2":"type-product","3":"status-publish","4":"has-post-thumbnail","6":"product_brand-eastpak","7":"product_cat-sac-a-dos","8":"product_cat-sac-a-dos-out-of-office","10":"first","11":"instock","12":"shipping-taxable","13":"purchasable","14":"product-type-simple"},"_links":{"self":[{"href":"https:\/\/solenemaro41.fr\/index.php?rest_route=\/wp\/v2\/product\/1261","targetHints":{"allow":["GET"]}}],"collection":[{"href":"https:\/\/solenemaro41.fr\/index.php?rest_route=\/wp\/v2\/product"}],"about":[{"href":"https:\/\/solenemaro41.fr\/index.php?rest_route=\/wp\/v2\/types\/product"}],"replies":[{"embeddable":true,"href":"https:\/\/solenemaro41.fr\/index.php?rest_route=%2Fwp%2Fv2%2Fcomments&post=1261"}],"wp:featuredmedia":[{"embeddable":true,"href":"https:\/\/solenemaro41.fr\/index.php?rest_route=\/wp\/v2\/media\/1260"}],"wp:attachment":[{"href":"https:\/\/solenemaro41.fr\/index.php?rest_route=%2Fwp%2Fv2%2Fmedia&parent=1261"}],"wp:term":[{"taxonomy":"product_brand","embeddable":true,"href":"https:\/\/solenemaro41.fr\/index.php?rest_route=%2Fwp%2Fv2%2Fproduct_brand&post=1261"},{"taxonomy":"product_cat","embeddable":true,"href":"https:\/\/solenemaro41.fr\/index.php?rest_route=%2Fwp%2Fv2%2Fproduct_cat&post=1261"},{"taxonomy":"product_tag","embeddable":true,"href":"https:\/\/solenemaro41.fr\/index.php?rest_route=%2Fwp%2Fv2%2Fproduct_tag&post=1261"}],"curies":[{"name":"wp","href":"https:\/\/api.w.org\/{rel}","templated":true}]}}