{"id":1350,"date":"2026-04-11T00:06:21","date_gmt":"2026-04-10T22:06:21","guid":{"rendered":"https:\/\/solenemaro41.fr\/?product=sac-cabas-armani-exchange-rose"},"modified":"2026-04-11T00:06:23","modified_gmt":"2026-04-10T22:06:23","slug":"sac-cabas-armani-exchange-rose","status":"publish","type":"product","link":"https:\/\/solenemaro41.fr\/?product=sac-cabas-armani-exchange-rose","title":{"rendered":"SAC CABAS ARMANI EXCHANGE ROSE"},"content":{"rendered":"<p><strong>Caract\u00e9.ristiques du SAC CABAS AVEC FERMETURE ZIPP\u00c9.E ARMANI EXCHANGE ROSE\u00a0.<\/strong><strong>VERNIS<\/strong><\/p>\n<p><span><span>Des d\u00e9.tails r\u00e9.solument tendance viennent rehausser le sac cabas classique\u00a0.: le nouveau mod\u00e8.le pour la saison froide se pr\u00e9.pare \u00e0. r\u00e9.chauffer les c&#038;oelig.urs avec une signature en relief, un charm \u00e0. logo en m\u00e9.tal et un design \u00e9.pur\u00e9.. Impossible de le laisser au placard\u00a0.!<\/span><\/span><\/p>\n<ul>\n<li>Cabas en similicuir avec inscription logo en relief<\/li>\n<li>Fermeture zipp\u00e9.e<\/li>\n<li>Charm logo en m\u00e9.tal<\/li>\n<\/ul>\n<p>Dimensions :<\/p>\n<ul>\n<li><span>42 x 35 x 9\u00a0.cm<\/span><\/li>\n<\/ul>\n<p>Composition :\u00a0.<\/p>\n<ul>\n<li>\n<p><span>100\u00a0.% polyester<\/span><\/p>\n<\/li>\n<\/ul>\n<p><strong>Informations livraisons<\/strong><\/p>\n<div>Les frais de livraisons sont offerts d\u00e8.s 40&#038;euro. d&rsquo;achats<br \/>Livraison entre 3 et 5 jours<\/div>\n<div>Mode de paiement s\u00e9.curis\u00e9.s accept\u00e9.s : CARTE BANCAIRE\u00a0. ou\u00a0. PAYPAL<br \/>R\u00e9.ception des marchandises : A domicile ou Retrait \u00e0. notre magasin<br \/>Consulter nos<a href=\"https:\/\/www.solene-maroquinerie.fr\/conditions_generales_de_vente.html\" target=\"_self\" title=\"Nos CGV\">\u00a0.conditions g\u00e9.n\u00e9.rales de ventes<\/a><\/div>\n","protected":false},"excerpt":{"rendered":"<p>Caract\u00e9.ristiques du SAC CABAS AVEC FERMETURE ZIPP\u00c9.E ARMANI EXCHANGE ROSE\u00a0.VERNIS Des d\u00e9.tails r\u00e9.solument tendance viennent rehausser le sac cabas classique\u00a0.: le nouveau mod\u00e8.le pour la saison froide se pr\u00e9.pare \u00e0. r\u00e9.chauffer les c&#038;oelig.urs avec une signature en relief, un charm \u00e0. logo en m\u00e9.tal et un design \u00e9.pur\u00e9.. Impossible de le laisser au placard\u00a0.! Cabas [&hellip;]<\/p>\n","protected":false},"featured_media":372,"comment_status":"open","ping_status":"closed","template":"","meta":[],"product_brand":[70],"product_cat":[28,69],"product_tag":[],"class_list":{"0":"post-1350","1":"product","2":"type-product","3":"status-publish","4":"has-post-thumbnail","6":"product_brand-armani-exchange","7":"product_cat-sac-a-main-2","8":"product_cat-sac-femme","10":"first","11":"instock","12":"shipping-taxable","13":"purchasable","14":"product-type-simple"},"_links":{"self":[{"href":"https:\/\/solenemaro41.fr\/index.php?rest_route=\/wp\/v2\/product\/1350","targetHints":{"allow":["GET"]}}],"collection":[{"href":"https:\/\/solenemaro41.fr\/index.php?rest_route=\/wp\/v2\/product"}],"about":[{"href":"https:\/\/solenemaro41.fr\/index.php?rest_route=\/wp\/v2\/types\/product"}],"replies":[{"embeddable":true,"href":"https:\/\/solenemaro41.fr\/index.php?rest_route=%2Fwp%2Fv2%2Fcomments&post=1350"}],"wp:featuredmedia":[{"embeddable":true,"href":"https:\/\/solenemaro41.fr\/index.php?rest_route=\/wp\/v2\/media\/372"}],"wp:attachment":[{"href":"https:\/\/solenemaro41.fr\/index.php?rest_route=%2Fwp%2Fv2%2Fmedia&parent=1350"}],"wp:term":[{"taxonomy":"product_brand","embeddable":true,"href":"https:\/\/solenemaro41.fr\/index.php?rest_route=%2Fwp%2Fv2%2Fproduct_brand&post=1350"},{"taxonomy":"product_cat","embeddable":true,"href":"https:\/\/solenemaro41.fr\/index.php?rest_route=%2Fwp%2Fv2%2Fproduct_cat&post=1350"},{"taxonomy":"product_tag","embeddable":true,"href":"https:\/\/solenemaro41.fr\/index.php?rest_route=%2Fwp%2Fv2%2Fproduct_tag&post=1350"}],"curies":[{"name":"wp","href":"https:\/\/api.w.org\/{rel}","templated":true}]}}