{"id":2281,"date":"2026-04-11T10:39:17","date_gmt":"2026-04-11T08:39:17","guid":{"rendered":"https:\/\/solenemaro41.fr\/?product=cartable-tanns-35cm-ilyes-bleu"},"modified":"2026-04-22T10:52:12","modified_gmt":"2026-04-22T08:52:12","slug":"cartable-tanns-35cm-ilyes-bleu","status":"publish","type":"product","link":"https:\/\/solenemaro41.fr\/?product=cartable-tanns-35cm-ilyes-bleu","title":{"rendered":"CARTABLE TANN&rsquo;S 35cm ILYES BLEU"},"content":{"rendered":"<p><strong>Caract\u00e9ristiques du CARTABLE TANN&rsquo;S 35cm ILYES BLEU<\/strong><\/p>\n<p><span>Objectif : la conqu\u00eate des \u00e9toiles ! Avec ses imprim\u00e9s galactiques, ses d\u00e9tails r\u00e9fl\u00e9chissants, et son porte-cl\u00e9 ovni, ce cartable donne des \u00e9toiles dans les yeux des \u00e9coliers curieux.<\/span><strong><br \/><\/strong><\/p>\n<p><strong>Dimensions :<\/strong><\/p>\n<ul>\n<li>35cm x 27cm x 14.5cm<\/li>\n<li>14L<\/li>\n<\/ul>\n<p><strong>Poids :<\/strong><\/p>\n<ul>\n<li>0,730 Kg<\/li>\n<\/ul>\n<p><strong>Informations livraisons<\/strong><\/p>\n<p>Les frais de livraisons sont offerts d\u00e8s 40\u20ac d&rsquo;achats<\/p>\n<div>Livraison entre 3 et 5 jours<\/div>\n<p>Mode de paiement s\u00e9curis\u00e9s accept\u00e9s : CARTE BANCAIRE\u00a0 ou\u00a0 PAYPAL<\/p>\n<div>R\u00e9ception des marchandises : A domicile ou Retrait \u00e0 notre magasin<\/div>\n<div>Consulter nos<a href=\"https:\/\/www.solene-maroquinerie.fr\/conditions_generales_de_vente.html\" target=\"_self\" title=\"Nos CGV\">\u00a0conditions g\u00e9n\u00e9rales de ventes<\/a><\/div>\n<p>\u00a0<\/p>\n","protected":false},"excerpt":{"rendered":"<p>Caract\u00e9ristiques du CARTABLE TANN&rsquo;S 35cm ILYES BLEU Objectif : la conqu\u00eate des \u00e9toiles ! Avec ses imprim\u00e9s galactiques, ses d\u00e9tails r\u00e9fl\u00e9chissants, et son porte-cl\u00e9 ovni, ce cartable donne des \u00e9toiles dans les yeux des \u00e9coliers curieux. Dimensions : 35cm x 27cm x 14.5cm 14L Poids : 0,730 Kg Informations livraisons Les frais de livraisons sont [&hellip;]<\/p>\n","protected":false},"featured_media":2280,"comment_status":"open","ping_status":"closed","template":"","meta":[],"product_brand":[38],"product_cat":[36,37],"product_tag":[],"class_list":{"0":"post-2281","1":"product","2":"type-product","3":"status-publish","4":"has-post-thumbnail","6":"product_brand-tanns","7":"product_cat-cartable-tanns-35cm","8":"product_cat-cartables","10":"first","11":"instock","12":"shipping-taxable","13":"purchasable","14":"product-type-simple"},"_links":{"self":[{"href":"https:\/\/solenemaro41.fr\/index.php?rest_route=\/wp\/v2\/product\/2281","targetHints":{"allow":["GET"]}}],"collection":[{"href":"https:\/\/solenemaro41.fr\/index.php?rest_route=\/wp\/v2\/product"}],"about":[{"href":"https:\/\/solenemaro41.fr\/index.php?rest_route=\/wp\/v2\/types\/product"}],"replies":[{"embeddable":true,"href":"https:\/\/solenemaro41.fr\/index.php?rest_route=%2Fwp%2Fv2%2Fcomments&post=2281"}],"wp:featuredmedia":[{"embeddable":true,"href":"https:\/\/solenemaro41.fr\/index.php?rest_route=\/wp\/v2\/media\/2280"}],"wp:attachment":[{"href":"https:\/\/solenemaro41.fr\/index.php?rest_route=%2Fwp%2Fv2%2Fmedia&parent=2281"}],"wp:term":[{"taxonomy":"product_brand","embeddable":true,"href":"https:\/\/solenemaro41.fr\/index.php?rest_route=%2Fwp%2Fv2%2Fproduct_brand&post=2281"},{"taxonomy":"product_cat","embeddable":true,"href":"https:\/\/solenemaro41.fr\/index.php?rest_route=%2Fwp%2Fv2%2Fproduct_cat&post=2281"},{"taxonomy":"product_tag","embeddable":true,"href":"https:\/\/solenemaro41.fr\/index.php?rest_route=%2Fwp%2Fv2%2Fproduct_tag&post=2281"}],"curies":[{"name":"wp","href":"https:\/\/api.w.org\/{rel}","templated":true}]}}