{"id":2509,"date":"2026-04-11T10:48:28","date_gmt":"2026-04-11T08:48:28","guid":{"rendered":"https:\/\/solenemaro41.fr\/?product=sacoche-lacoste-mens-classic-ma"},"modified":"2026-04-11T10:48:31","modified_gmt":"2026-04-11T08:48:31","slug":"sacoche-lacoste-mens-classic-ma","status":"publish","type":"product","link":"https:\/\/solenemaro41.fr\/?product=sacoche-lacoste-mens-classic-ma","title":{"rendered":"SACOCHE LACOSTE MEN&rsquo;S CLASSIC MA"},"content":{"rendered":"<p><strong>Caract\u00e9.ristiques du\u00a0.SACOCHE LACOSTE MEN&rsquo;S CLASSIC MARINE<\/strong><\/p>\n<div>\n<div>Emboss\u00e9.e en Petit Piqu\u00e9., mati\u00e8.re iconique du polo Lacoste invent\u00e9. en 1933, cette sacoche l\u00e9.g\u00e8.re avec bandouli\u00e8.re ajustable offre un style sobre et \u00e9.l\u00e9.gant. Id\u00e9.al pour transporter ses essentiels, son compartiment principal avec fermeture zipp\u00e9.e inclut une plus petite poche, zipp\u00e9.e \u00e9.galement.<\/div>\n<ul>\n<li><span>Dimensions : L 15 x H 20,5 x P 4 cm<\/span><\/li>\n<li><span>Longueur bandouli\u00e8.re : 143 cm<\/span><\/li>\n<li><span>Une pochette int\u00e9.rieure zipp\u00e9.e<\/span><\/li>\n<li><span>Crocodile signature sur le bas<\/span><\/li>\n<li><span>Exterieur: Polyurethane (100%)<\/span><\/li>\n<\/ul><\/div>\n<p><strong>Informations livraisons<\/strong><\/p>\n<div>Les frais de livraisons sont offerts d\u00e8.s 40&#038;euro. d&rsquo;achats<br \/>Livraison entre 3 et 5 jours<\/div>\n<div>Mode de paiement s\u00e9.curis\u00e9.s accept\u00e9.s : CARTE BANCAIRE\u00a0. ou\u00a0. PAYPAL<br \/>R\u00e9.ception des marchandises : A domicile ou Retrait \u00e0. notre magasin<br \/>Consulter nos<a href=\"http:\/\/www.solene-maroquinerie.fr\/conditions_generales_de_vente.html\" target=\"_self\" title=\"Nos CGV\">\u00a0.conditions g\u00e9.n\u00e9.rales de ventes<\/a><\/div>\n<p>\u00a0.<\/p>\n","protected":false},"excerpt":{"rendered":"<p>Caract\u00e9.ristiques du\u00a0.SACOCHE LACOSTE MEN&rsquo;S CLASSIC MARINE Emboss\u00e9.e en Petit Piqu\u00e9., mati\u00e8.re iconique du polo Lacoste invent\u00e9. en 1933, cette sacoche l\u00e9.g\u00e8.re avec bandouli\u00e8.re ajustable offre un style sobre et \u00e9.l\u00e9.gant. Id\u00e9.al pour transporter ses essentiels, son compartiment principal avec fermeture zipp\u00e9.e inclut une plus petite poche, zipp\u00e9.e \u00e9.galement. Dimensions : L 15 x H 20,5 [&hellip;]<\/p>\n","protected":false},"featured_media":2508,"comment_status":"open","ping_status":"closed","template":"","meta":[],"product_brand":[25],"product_cat":[24,34],"product_tag":[],"class_list":{"0":"post-2509","1":"product","2":"type-product","3":"status-publish","4":"has-post-thumbnail","6":"product_brand-lacoste","7":"product_cat-divers","8":"product_cat-homme","10":"first","11":"instock","12":"shipping-taxable","13":"purchasable","14":"product-type-simple"},"_links":{"self":[{"href":"https:\/\/solenemaro41.fr\/index.php?rest_route=\/wp\/v2\/product\/2509","targetHints":{"allow":["GET"]}}],"collection":[{"href":"https:\/\/solenemaro41.fr\/index.php?rest_route=\/wp\/v2\/product"}],"about":[{"href":"https:\/\/solenemaro41.fr\/index.php?rest_route=\/wp\/v2\/types\/product"}],"replies":[{"embeddable":true,"href":"https:\/\/solenemaro41.fr\/index.php?rest_route=%2Fwp%2Fv2%2Fcomments&post=2509"}],"wp:featuredmedia":[{"embeddable":true,"href":"https:\/\/solenemaro41.fr\/index.php?rest_route=\/wp\/v2\/media\/2508"}],"wp:attachment":[{"href":"https:\/\/solenemaro41.fr\/index.php?rest_route=%2Fwp%2Fv2%2Fmedia&parent=2509"}],"wp:term":[{"taxonomy":"product_brand","embeddable":true,"href":"https:\/\/solenemaro41.fr\/index.php?rest_route=%2Fwp%2Fv2%2Fproduct_brand&post=2509"},{"taxonomy":"product_cat","embeddable":true,"href":"https:\/\/solenemaro41.fr\/index.php?rest_route=%2Fwp%2Fv2%2Fproduct_cat&post=2509"},{"taxonomy":"product_tag","embeddable":true,"href":"https:\/\/solenemaro41.fr\/index.php?rest_route=%2Fwp%2Fv2%2Fproduct_tag&post=2509"}],"curies":[{"name":"wp","href":"https:\/\/api.w.org\/{rel}","templated":true}]}}