{"id":2517,"date":"2026-04-11T10:48:38","date_gmt":"2026-04-11T08:48:38","guid":{"rendered":"https:\/\/solenemaro41.fr\/?product=petite-sacoche-reporter-lacoste"},"modified":"2026-04-11T10:48:42","modified_gmt":"2026-04-11T08:48:42","slug":"petite-sacoche-reporter-lacoste","status":"publish","type":"product","link":"https:\/\/solenemaro41.fr\/?product=petite-sacoche-reporter-lacoste","title":{"rendered":"PETITE SACOCHE REPORTER LACOSTE"},"content":{"rendered":"<p><strong>Caract\u00e9.ristiques de la\u00a0.PETITE SACOCHE THE BLEND LACOSTE MONOGRAM NOIR GRIS<\/strong><\/p>\n<div>\n<div>Soignez vos looks urbains avec cette sacoche crois\u00e9.e anim\u00e9.e du nouveau monogramme Lacoste. Effet grain\u00e9., elle est munie d&rsquo;une fermeture zipp\u00e9.e, et d&rsquo;une bandouli\u00e8.re r\u00e9.glable et amovible \u00e0. mousquetons m\u00e9.talliques. Un accessoire tendance et \u00e9.l\u00e9.gant, compl\u00e9.t\u00e9. par un petit crocodile ton sur ton.<\/div>\n<ul>\n<li><span>Dimensions : L 19 x H 12 x P 8 cm<\/span><\/li>\n<li><span>Int\u00e9.rieur 1 poche plate<\/span><\/li>\n<li><span>Fermeture zipp\u00e9.e et bandouli\u00e8.re r\u00e9.glable amovible<\/span><\/li>\n<li><span>Crocodile ton sur ton<\/span><\/li>\n<li><span>PVC effet grain\u00e9.<\/span><\/li>\n<li><span>Exterieur: Pvc (100%)<\/span><\/li>\n<\/ul><\/div>\n<p><strong>Informations livraisons<\/strong><\/p>\n<div>Les frais de livraisons sont offerts d\u00e8.s 40&#038;euro. d&rsquo;achats<br \/>Livraison entre 3 et 5 jours<\/div>\n<div>Mode de paiement s\u00e9.curis\u00e9.s accept\u00e9.s : CARTE BANCAIRE\u00a0. ou\u00a0. PAYPAL<br \/>R\u00e9.ception des marchandises : A domicile ou Retrait \u00e0. notre magasin<br \/>Consulter nos<a href=\"http:\/\/www.solene-maroquinerie.fr\/conditions_generales_de_vente.html\" target=\"_self\" title=\"Nos CGV\">\u00a0.conditions g\u00e9.n\u00e9.rales de ventes<\/a><\/div>\n<p>\u00a0.<\/p>\n","protected":false},"excerpt":{"rendered":"<p>Caract\u00e9.ristiques de la\u00a0.PETITE SACOCHE THE BLEND LACOSTE MONOGRAM NOIR GRIS Soignez vos looks urbains avec cette sacoche crois\u00e9.e anim\u00e9.e du nouveau monogramme Lacoste. Effet grain\u00e9., elle est munie d&rsquo;une fermeture zipp\u00e9.e, et d&rsquo;une bandouli\u00e8.re r\u00e9.glable et amovible \u00e0. mousquetons m\u00e9.talliques. Un accessoire tendance et \u00e9.l\u00e9.gant, compl\u00e9.t\u00e9. par un petit crocodile ton sur ton. Dimensions : [&hellip;]<\/p>\n","protected":false},"featured_media":2516,"comment_status":"open","ping_status":"closed","template":"","meta":[],"product_brand":[25],"product_cat":[24,34],"product_tag":[],"class_list":{"0":"post-2517","1":"product","2":"type-product","3":"status-publish","4":"has-post-thumbnail","6":"product_brand-lacoste","7":"product_cat-divers","8":"product_cat-homme","10":"first","11":"instock","12":"shipping-taxable","13":"purchasable","14":"product-type-simple"},"_links":{"self":[{"href":"https:\/\/solenemaro41.fr\/index.php?rest_route=\/wp\/v2\/product\/2517","targetHints":{"allow":["GET"]}}],"collection":[{"href":"https:\/\/solenemaro41.fr\/index.php?rest_route=\/wp\/v2\/product"}],"about":[{"href":"https:\/\/solenemaro41.fr\/index.php?rest_route=\/wp\/v2\/types\/product"}],"replies":[{"embeddable":true,"href":"https:\/\/solenemaro41.fr\/index.php?rest_route=%2Fwp%2Fv2%2Fcomments&post=2517"}],"wp:featuredmedia":[{"embeddable":true,"href":"https:\/\/solenemaro41.fr\/index.php?rest_route=\/wp\/v2\/media\/2516"}],"wp:attachment":[{"href":"https:\/\/solenemaro41.fr\/index.php?rest_route=%2Fwp%2Fv2%2Fmedia&parent=2517"}],"wp:term":[{"taxonomy":"product_brand","embeddable":true,"href":"https:\/\/solenemaro41.fr\/index.php?rest_route=%2Fwp%2Fv2%2Fproduct_brand&post=2517"},{"taxonomy":"product_cat","embeddable":true,"href":"https:\/\/solenemaro41.fr\/index.php?rest_route=%2Fwp%2Fv2%2Fproduct_cat&post=2517"},{"taxonomy":"product_tag","embeddable":true,"href":"https:\/\/solenemaro41.fr\/index.php?rest_route=%2Fwp%2Fv2%2Fproduct_tag&post=2517"}],"curies":[{"name":"wp","href":"https:\/\/api.w.org\/{rel}","templated":true}]}}