{"id":2521,"date":"2026-04-11T10:48:44","date_gmt":"2026-04-11T08:48:44","guid":{"rendered":"https:\/\/solenemaro41.fr\/?product=grand-sac-a-rabat-lacoste"},"modified":"2026-04-11T10:48:45","modified_gmt":"2026-04-11T08:48:45","slug":"grand-sac-a-rabat-lacoste","status":"publish","type":"product","link":"https:\/\/solenemaro41.fr\/?product=grand-sac-a-rabat-lacoste","title":{"rendered":"GRAND SAC A RABAT LACOSTE"},"content":{"rendered":"<p><strong>Caract\u00e9.ristiques du\u00a0.GRAND SAC A RABAT THE BLEND LACOSTE MONOGRAM NOIR GRIS<\/strong><\/p>\n<div>\n<div>Ce sac \u00e0. rabat avec imprim\u00e9. monogramm\u00e9. en mati\u00e8.re grain\u00e9.e est le m\u00e9.lange parfait entre style et praticit\u00e9.. Fonctionnel, il se dote d&#038;rsquo.une poche principale pouvant accueillir une tablette 11 pouces, ainsi que d&#038;rsquo.un compartiment zipp\u00e9.. Sa large bandouli\u00e8.re et son motif iconique lui conf\u00e8.rent un style graphique et moderne.<\/div>\n<ul>\n<li><span>Dimensions : L 29 x H 23 x P 7 cm<\/span><\/li>\n<li><span>Bandouli\u00e8.re ajustable de 75 \u00e0. 140 cm<\/span><\/li>\n<li><span>Une poche zipp\u00e9.e ext\u00e9.rieure<\/span><\/li>\n<li><span>Une poche plaqu\u00e9.e et un porte-clefs<\/span><\/li>\n<li><span>Crocodile en m\u00e9.tal ton sur ton<\/span><\/li>\n<li><span>Exterieur: Pvc (100%)<\/span><\/li>\n<\/ul><\/div>\n<p><strong>Informations livraisons<\/strong><\/p>\n<div>Les frais de livraisons sont offerts d\u00e8.s 40&#038;euro. d&rsquo;achats<br \/>Livraison entre 3 et 5 jours<\/div>\n<div>Mode de paiement s\u00e9.curis\u00e9.s accept\u00e9.s : CARTE BANCAIRE\u00a0. ou\u00a0. PAYPAL<br \/>R\u00e9.ception des marchandises : A domicile ou Retrait \u00e0. notre magasin<br \/>Consulter nos<a href=\"http:\/\/www.solene-maroquinerie.fr\/conditions_generales_de_vente.html\" target=\"_self\" title=\"Nos CGV\">\u00a0.conditions g\u00e9.n\u00e9.rales de ventes<\/a><\/div>\n<p>\u00a0.<\/p>\n","protected":false},"excerpt":{"rendered":"<p>Caract\u00e9.ristiques du\u00a0.GRAND SAC A RABAT THE BLEND LACOSTE MONOGRAM NOIR GRIS Ce sac \u00e0. rabat avec imprim\u00e9. monogramm\u00e9. en mati\u00e8.re grain\u00e9.e est le m\u00e9.lange parfait entre style et praticit\u00e9.. Fonctionnel, il se dote d&#038;rsquo.une poche principale pouvant accueillir une tablette 11 pouces, ainsi que d&#038;rsquo.un compartiment zipp\u00e9.. Sa large bandouli\u00e8.re et son motif iconique lui [&hellip;]<\/p>\n","protected":false},"featured_media":2520,"comment_status":"open","ping_status":"closed","template":"","meta":[],"product_brand":[25],"product_cat":[24,34],"product_tag":[],"class_list":{"0":"post-2521","1":"product","2":"type-product","3":"status-publish","4":"has-post-thumbnail","6":"product_brand-lacoste","7":"product_cat-divers","8":"product_cat-homme","10":"first","11":"instock","12":"shipping-taxable","13":"purchasable","14":"product-type-simple"},"_links":{"self":[{"href":"https:\/\/solenemaro41.fr\/index.php?rest_route=\/wp\/v2\/product\/2521","targetHints":{"allow":["GET"]}}],"collection":[{"href":"https:\/\/solenemaro41.fr\/index.php?rest_route=\/wp\/v2\/product"}],"about":[{"href":"https:\/\/solenemaro41.fr\/index.php?rest_route=\/wp\/v2\/types\/product"}],"replies":[{"embeddable":true,"href":"https:\/\/solenemaro41.fr\/index.php?rest_route=%2Fwp%2Fv2%2Fcomments&post=2521"}],"wp:featuredmedia":[{"embeddable":true,"href":"https:\/\/solenemaro41.fr\/index.php?rest_route=\/wp\/v2\/media\/2520"}],"wp:attachment":[{"href":"https:\/\/solenemaro41.fr\/index.php?rest_route=%2Fwp%2Fv2%2Fmedia&parent=2521"}],"wp:term":[{"taxonomy":"product_brand","embeddable":true,"href":"https:\/\/solenemaro41.fr\/index.php?rest_route=%2Fwp%2Fv2%2Fproduct_brand&post=2521"},{"taxonomy":"product_cat","embeddable":true,"href":"https:\/\/solenemaro41.fr\/index.php?rest_route=%2Fwp%2Fv2%2Fproduct_cat&post=2521"},{"taxonomy":"product_tag","embeddable":true,"href":"https:\/\/solenemaro41.fr\/index.php?rest_route=%2Fwp%2Fv2%2Fproduct_tag&post=2521"}],"curies":[{"name":"wp","href":"https:\/\/api.w.org\/{rel}","templated":true}]}}