{"id":2531,"date":"2026-04-11T10:48:54","date_gmt":"2026-04-11T08:48:54","guid":{"rendered":"https:\/\/solenemaro41.fr\/?product=sac-messenger-lacoste-mens-clas"},"modified":"2026-04-11T10:48:57","modified_gmt":"2026-04-11T08:48:57","slug":"sac-messenger-lacoste-mens-clas","status":"publish","type":"product","link":"https:\/\/solenemaro41.fr\/?product=sac-messenger-lacoste-mens-clas","title":{"rendered":"SAC MESSENGER LACOSTE MEN&rsquo;S CLAS"},"content":{"rendered":"<p><strong>Caract\u00e9.ristiques du\u00a0.SAC MESSENGER LACOSTE MEN&rsquo;S CLASSIC NOIR<\/strong><\/p>\n<div>\n<div>Nomade et fonctionnel, ce sac \u00e0. rabat Men&#038;rsquo.s Classic est un iconique. Confectionn\u00e9. en toile r\u00e9.sistante, il reprend l&#038;rsquo.effet Petit Piqu\u00e9., la mati\u00e8.re signature Lacoste, pour un style sport chic intemporel. Pratique, son format compact offre de la place pour tous les essentiels et peut m\u00ea.me accueillir un iPad.<\/div>\n<ul>\n<li><span>Dimensions : L 27 x H 18 x P 8 cm<\/span><\/li>\n<li><span>Ext\u00e9.rieur effet Petit Piqu\u00e9.<\/span><\/li>\n<li><span>Bandouli\u00e8.re ajustable entre 80 et 140 cm<\/span><\/li>\n<li><span>Espace pour un iPad<\/span><\/li>\n<li><span>Crocodile sur le rabat<\/span><\/li>\n<li><span>Exterieur: Polyurethane (100%)<\/span><\/li>\n<\/ul><\/div>\n<p><strong>Informations livraisons<\/strong><\/p>\n<div>Les frais de livraisons sont offerts d\u00e8.s 40&#038;euro. d&rsquo;achats<br \/>Livraison entre 3 et 5 jours<\/div>\n<div>Mode de paiement s\u00e9.curis\u00e9.s accept\u00e9.s : CARTE BANCAIRE\u00a0. ou\u00a0. PAYPAL<br \/>R\u00e9.ception des marchandises : A domicile ou Retrait \u00e0. notre magasin<br \/>Consulter nos<a href=\"http:\/\/www.solene-maroquinerie.fr\/conditions_generales_de_vente.html\" target=\"_self\" title=\"Nos CGV\">\u00a0.conditions g\u00e9.n\u00e9.rales de ventes<\/a><\/div>\n<p>\u00a0.<\/p>\n","protected":false},"excerpt":{"rendered":"<p>Caract\u00e9.ristiques du\u00a0.SAC MESSENGER LACOSTE MEN&rsquo;S CLASSIC NOIR Nomade et fonctionnel, ce sac \u00e0. rabat Men&#038;rsquo.s Classic est un iconique. Confectionn\u00e9. en toile r\u00e9.sistante, il reprend l&#038;rsquo.effet Petit Piqu\u00e9., la mati\u00e8.re signature Lacoste, pour un style sport chic intemporel. Pratique, son format compact offre de la place pour tous les essentiels et peut m\u00ea.me accueillir un [&hellip;]<\/p>\n","protected":false},"featured_media":2530,"comment_status":"open","ping_status":"closed","template":"","meta":[],"product_brand":[25],"product_cat":[24,34],"product_tag":[],"class_list":{"0":"post-2531","1":"product","2":"type-product","3":"status-publish","4":"has-post-thumbnail","6":"product_brand-lacoste","7":"product_cat-divers","8":"product_cat-homme","10":"first","11":"instock","12":"shipping-taxable","13":"purchasable","14":"product-type-simple"},"_links":{"self":[{"href":"https:\/\/solenemaro41.fr\/index.php?rest_route=\/wp\/v2\/product\/2531","targetHints":{"allow":["GET"]}}],"collection":[{"href":"https:\/\/solenemaro41.fr\/index.php?rest_route=\/wp\/v2\/product"}],"about":[{"href":"https:\/\/solenemaro41.fr\/index.php?rest_route=\/wp\/v2\/types\/product"}],"replies":[{"embeddable":true,"href":"https:\/\/solenemaro41.fr\/index.php?rest_route=%2Fwp%2Fv2%2Fcomments&post=2531"}],"wp:featuredmedia":[{"embeddable":true,"href":"https:\/\/solenemaro41.fr\/index.php?rest_route=\/wp\/v2\/media\/2530"}],"wp:attachment":[{"href":"https:\/\/solenemaro41.fr\/index.php?rest_route=%2Fwp%2Fv2%2Fmedia&parent=2531"}],"wp:term":[{"taxonomy":"product_brand","embeddable":true,"href":"https:\/\/solenemaro41.fr\/index.php?rest_route=%2Fwp%2Fv2%2Fproduct_brand&post=2531"},{"taxonomy":"product_cat","embeddable":true,"href":"https:\/\/solenemaro41.fr\/index.php?rest_route=%2Fwp%2Fv2%2Fproduct_cat&post=2531"},{"taxonomy":"product_tag","embeddable":true,"href":"https:\/\/solenemaro41.fr\/index.php?rest_route=%2Fwp%2Fv2%2Fproduct_tag&post=2531"}],"curies":[{"name":"wp","href":"https:\/\/api.w.org\/{rel}","templated":true}]}}