{"id":3218,"date":"2026-04-11T12:49:10","date_gmt":"2026-04-11T10:49:10","guid":{"rendered":"https:\/\/solenemaro41.fr\/?product=sac-a-dos-cabaia-xs-le-havre"},"modified":"2026-04-11T12:49:41","modified_gmt":"2026-04-11T10:49:41","slug":"sac-a-dos-cabaia-xs-le-havre","status":"publish","type":"product","link":"https:\/\/solenemaro41.fr\/?product=sac-a-dos-cabaia-xs-le-havre","title":{"rendered":"SAC A DOS CABAIA XS LE HAVRE"},"content":{"rendered":"<p><strong>Descriptif du SAC A DOS CABAIA ADVENTURER XS LE HAVRE<\/strong><\/p>\n<ul>\n<li>Garanti \u00e0. vie<\/li>\n<li>Ouverture grand angle<\/li>\n<li>Syst\u00e8.me MOLLE pour attacher une pochettes avant small<\/li>\n<li>Poches gourdes ext\u00e9.rieures<\/li>\n<li>Pochette secr\u00e8.te<\/li>\n<li>Bretelles rembourr\u00e9.es et anti-transpirantes<\/li>\n<li>Vegan et d\u00e9.perlant<\/li>\n<\/ul>\n<p>Ce sac est accompagn\u00e9. de 2 pochettes small interchangeables<\/p>\n<p>Attention les pochettes avant medium ne sont pas compatibles avec les sacs \u00e0. dos Adventurer XS.<\/p>\n<p><strong>Dimensions (6L):\u00a0.<\/strong>20cm (largeur) x 27cm (hauteur) x 10.5cm (profondeur)<\/p>\n<p><strong>Composition<\/strong>\u00a0.:\u00a0.<br \/>Tissu exterieur principal: 100% Polyester recycl\u00e9.<br \/>Tissu ext\u00e9.rieur enduit: Polyurethane\u00a0.<br \/>Doublure interieure: 100% Polyester<\/p>\n<h4>Informations livraisons<\/h4>\n<div>Les frais de livraisons sont offerts d\u00e8.s 40&#038;euro. d&rsquo;achats<br \/>Livraison entre 3 et 5 jours<\/div>\n<div>Mode de paiement s\u00e9.curis\u00e9.s accept\u00e9.s : CARTE BANCAIRE\u00a0. ou\u00a0. PAYPAL<br \/>R\u00e9.ception des marchandises : A domicile ou Retrait \u00e0. notre magasin<br \/>Consulter nos<a href=\"http:\/\/www.solene-maroquinerie.fr\/conditions_generales_de_vente.html\" target=\"_self\" title=\"Nos CGV\">\u00a0.conditions g\u00e9.n\u00e9.rales de ventes<\/a><\/div>\n","protected":false},"excerpt":{"rendered":"<p>Descriptif du SAC A DOS CABAIA ADVENTURER XS LE HAVRE Garanti \u00e0. vie Ouverture grand angle Syst\u00e8.me MOLLE pour attacher une pochettes avant small Poches gourdes ext\u00e9.rieures Pochette secr\u00e8.te Bretelles rembourr\u00e9.es et anti-transpirantes Vegan et d\u00e9.perlant Ce sac est accompagn\u00e9. de 2 pochettes small interchangeables Attention les pochettes avant medium ne sont pas compatibles avec [&hellip;]<\/p>\n","protected":false},"featured_media":64,"comment_status":"open","ping_status":"closed","template":"","meta":[],"product_brand":[42],"product_cat":[19,86],"product_tag":[],"class_list":{"0":"post-3218","1":"product","2":"type-product","3":"status-publish","4":"has-post-thumbnail","6":"product_brand-cabaia","7":"product_cat-sac-a-dos","8":"product_cat-sac-a-dos-cabaia-xs","10":"first","11":"instock","12":"shipping-taxable","13":"purchasable","14":"product-type-simple"},"_links":{"self":[{"href":"https:\/\/solenemaro41.fr\/index.php?rest_route=\/wp\/v2\/product\/3218","targetHints":{"allow":["GET"]}}],"collection":[{"href":"https:\/\/solenemaro41.fr\/index.php?rest_route=\/wp\/v2\/product"}],"about":[{"href":"https:\/\/solenemaro41.fr\/index.php?rest_route=\/wp\/v2\/types\/product"}],"replies":[{"embeddable":true,"href":"https:\/\/solenemaro41.fr\/index.php?rest_route=%2Fwp%2Fv2%2Fcomments&post=3218"}],"wp:featuredmedia":[{"embeddable":true,"href":"https:\/\/solenemaro41.fr\/index.php?rest_route=\/wp\/v2\/media\/64"}],"wp:attachment":[{"href":"https:\/\/solenemaro41.fr\/index.php?rest_route=%2Fwp%2Fv2%2Fmedia&parent=3218"}],"wp:term":[{"taxonomy":"product_brand","embeddable":true,"href":"https:\/\/solenemaro41.fr\/index.php?rest_route=%2Fwp%2Fv2%2Fproduct_brand&post=3218"},{"taxonomy":"product_cat","embeddable":true,"href":"https:\/\/solenemaro41.fr\/index.php?rest_route=%2Fwp%2Fv2%2Fproduct_cat&post=3218"},{"taxonomy":"product_tag","embeddable":true,"href":"https:\/\/solenemaro41.fr\/index.php?rest_route=%2Fwp%2Fv2%2Fproduct_tag&post=3218"}],"curies":[{"name":"wp","href":"https:\/\/api.w.org\/{rel}","templated":true}]}}