{"id":3448,"date":"2026-04-11T13:58:24","date_gmt":"2026-04-11T11:58:24","guid":{"rendered":"https:\/\/solenemaro41.fr\/?product=valise-cabaia-4-roues-s-cebu"},"modified":"2026-04-11T13:59:50","modified_gmt":"2026-04-11T11:59:50","slug":"valise-cabaia-4-roues-s-cebu","status":"publish","type":"product","link":"https:\/\/solenemaro41.fr\/?product=valise-cabaia-4-roues-s-cebu","title":{"rendered":"VALISE CABAIA 4 ROUES S CEBU"},"content":{"rendered":"<p><strong>Descriptif du VALISE SOUPLE CABAIA SOFT SUITCASE 4 WHEELS SMALL CEBU<\/strong><\/p>\n<ul>\n<li>Garantie \u00e0. vie<\/li>\n<li>Serrure TSA int\u00e9.gr\u00e9.e pour une s\u00e9.curit\u00e9. renforc\u00e9.e<\/li>\n<li>Acc\u00e8.s direct par le haut : acc\u00e8.s rapide \u00e0. vos affaires<\/li>\n<li>Grande poche avant<\/li>\n<li>Poche secr\u00e8.te au dos<\/li>\n<li>Poche gourde ext\u00e9.rieure<\/li>\n<li>1 poign\u00e9.e haute et 2 poign\u00e9.es lat\u00e9.rales<\/li>\n<li>Syst\u00e8.me MOLLE pour attacher la pochette avant<\/li>\n<li>Vegan et d\u00e9.perlante<\/li>\n<li>4 roues multidirectionnelles :\u00a0.Stabilit\u00e9. et maniabilit\u00e9.<\/li>\n<\/ul>\n<p><strong>Dimensions (38L)<\/strong> :\u00a0.21 cm x 35 cm x 55 cm<\/p>\n<p><span><strong>Poids<\/strong> :\u00a0.<\/span><span>2,4 kg<\/span><\/p>\n<p>\u00a0.<\/p>\n<p><strong>Composition<\/strong>\u00a0.:\u00a0.<br \/><span>Mati\u00e8.re ext\u00e9.rieure : 100% Polyester recycl\u00e9.<\/span><br \/><span>Tissu ext\u00e9.rieur enduit : 80% Polyester, 20% Polyurethane<\/span><br \/><span>Doublure int\u00e9.rieure : 100% polyester recycl\u00e9.<br \/><\/span><\/p>\n<h4>Informations livraisons<\/h4>\n<div>Les frais de livraisons sont offerts d\u00e8.s 40&#038;euro. d&rsquo;achats<br \/>Livraison entre 3 et 5 jours<\/div>\n<div>Mode de paiement s\u00e9.curis\u00e9.s accept\u00e9.s : CARTE BANCAIRE\u00a0. ou\u00a0. PAYPAL<br \/>R\u00e9.ception des marchandises : A domicile ou Retrait \u00e0. notre magasin<br \/>Consulter nos<a href=\"http:\/\/www.solene-maroquinerie.fr\/conditions_generales_de_vente.html\" target=\"_self\" title=\"Nos CGV\">\u00a0.conditions g\u00e9.n\u00e9.rales de ventes<\/a><\/div>\n","protected":false},"excerpt":{"rendered":"<p>Descriptif du VALISE SOUPLE CABAIA SOFT SUITCASE 4 WHEELS SMALL CEBU Garantie \u00e0. vie Serrure TSA int\u00e9.gr\u00e9.e pour une s\u00e9.curit\u00e9. renforc\u00e9.e Acc\u00e8.s direct par le haut : acc\u00e8.s rapide \u00e0. vos affaires Grande poche avant Poche secr\u00e8.te au dos Poche gourde ext\u00e9.rieure 1 poign\u00e9.e haute et 2 poign\u00e9.es lat\u00e9.rales Syst\u00e8.me MOLLE pour attacher la pochette [&hellip;]<\/p>\n","protected":false},"featured_media":3447,"comment_status":"open","ping_status":"closed","template":"","meta":[],"product_brand":[42],"product_cat":[59,100],"product_tag":[],"class_list":{"0":"post-3448","1":"product","2":"type-product","3":"status-publish","4":"has-post-thumbnail","6":"product_brand-cabaia","7":"product_cat-bagages","8":"product_cat-valise-souple-4-roues","10":"first","11":"instock","12":"shipping-taxable","13":"purchasable","14":"product-type-simple"},"_links":{"self":[{"href":"https:\/\/solenemaro41.fr\/index.php?rest_route=\/wp\/v2\/product\/3448","targetHints":{"allow":["GET"]}}],"collection":[{"href":"https:\/\/solenemaro41.fr\/index.php?rest_route=\/wp\/v2\/product"}],"about":[{"href":"https:\/\/solenemaro41.fr\/index.php?rest_route=\/wp\/v2\/types\/product"}],"replies":[{"embeddable":true,"href":"https:\/\/solenemaro41.fr\/index.php?rest_route=%2Fwp%2Fv2%2Fcomments&post=3448"}],"wp:featuredmedia":[{"embeddable":true,"href":"https:\/\/solenemaro41.fr\/index.php?rest_route=\/wp\/v2\/media\/3447"}],"wp:attachment":[{"href":"https:\/\/solenemaro41.fr\/index.php?rest_route=%2Fwp%2Fv2%2Fmedia&parent=3448"}],"wp:term":[{"taxonomy":"product_brand","embeddable":true,"href":"https:\/\/solenemaro41.fr\/index.php?rest_route=%2Fwp%2Fv2%2Fproduct_brand&post=3448"},{"taxonomy":"product_cat","embeddable":true,"href":"https:\/\/solenemaro41.fr\/index.php?rest_route=%2Fwp%2Fv2%2Fproduct_cat&post=3448"},{"taxonomy":"product_tag","embeddable":true,"href":"https:\/\/solenemaro41.fr\/index.php?rest_route=%2Fwp%2Fv2%2Fproduct_tag&post=3448"}],"curies":[{"name":"wp","href":"https:\/\/api.w.org\/{rel}","templated":true}]}}