{"id":640,"date":"2026-04-10T22:53:41","date_gmt":"2026-04-10T20:53:41","guid":{"rendered":"https:\/\/solenemaro41.fr\/?product=sac-cabas-reversible-lacoste"},"modified":"2026-04-10T22:53:42","modified_gmt":"2026-04-10T20:53:42","slug":"sac-cabas-reversible-lacoste","status":"publish","type":"product","link":"https:\/\/solenemaro41.fr\/?product=sac-cabas-reversible-lacoste","title":{"rendered":"SAC CABAS REVERSIBLE LACOSTE"},"content":{"rendered":"<p><strong style=\"font-size: 1em.\">Descriptif du\u00a0.SAC LACOSTE CABAS ANNA REVERSIBLE MARINE ROUGE<\/strong><\/p>\n<p>Ce sac cabas r\u00e9.versible bi-mati\u00e8.re et bicolore est r\u00e9.alis\u00e9. en toile enduite et \u00e9.quip\u00e9. d&rsquo;une pochette amovible. Son volume pratique accompagne toutes vos sorties.<\/p>\n<ul>\n<li>Pochette amovible<\/li>\n<li>R\u00e9.versible bicolore<\/li>\n<li>Crocodile m\u00e9.tal nickel brillant<\/li>\n<\/ul>\n<h4><strong><span>Caract\u00e9.ristiques du\u00a0.SAC LACOSTE CABAS ANNA REVERSIBLE MARINE ROUGE<\/span><\/strong><\/h4>\n<p>Dimensions 35 x 30 x 14 cm<br \/>Ext\u00e9.rieur PVC<br \/>Ext\u00e9.rieur : Pvc (100%)<\/p>\n<h4><strong><span>Informations livraisons<\/span><\/strong><\/h4>\n<div><span>Les frais de livraisons sont offerts d\u00e8.s 40&#038;euro. d&rsquo;achats<br \/>Livraison entre 3 et 5 jours<br \/><\/span><\/div>\n<div><span>Mode de paiement s\u00e9.curis\u00e9.s accept\u00e9.s : CARTE BANCAIRE\u00a0. ou\u00a0. PAYPAL<br \/>R\u00e9.ception des marchandises : A domicile ou Retrait \u00e0. notre magasin<br \/>Consulter nos<a href=\"http:\/\/www.solene-maroquinerie.fr\/conditions_generales_de_vente.html\" target=\"_self\" title=\"Nos CGV\">\u00a0.conditions g\u00e9.n\u00e9.rales de ventes<\/a><\/span><\/div>\n<p>\u00a0.<\/p>\n","protected":false},"excerpt":{"rendered":"<p>Descriptif du\u00a0.SAC LACOSTE CABAS ANNA REVERSIBLE MARINE ROUGE Ce sac cabas r\u00e9.versible bi-mati\u00e8.re et bicolore est r\u00e9.alis\u00e9. en toile enduite et \u00e9.quip\u00e9. d&rsquo;une pochette amovible. Son volume pratique accompagne toutes vos sorties. Pochette amovible R\u00e9.versible bicolore Crocodile m\u00e9.tal nickel brillant Caract\u00e9.ristiques du\u00a0.SAC LACOSTE CABAS ANNA REVERSIBLE MARINE ROUGE Dimensions 35 x 30 x 14 cmExt\u00e9.rieur [&hellip;]<\/p>\n","protected":false},"featured_media":222,"comment_status":"open","ping_status":"closed","template":"","meta":[],"product_brand":[25],"product_cat":[24,23],"product_tag":[],"class_list":{"0":"post-640","1":"product","2":"type-product","3":"status-publish","4":"has-post-thumbnail","6":"product_brand-lacoste","7":"product_cat-divers","8":"product_cat-femme","10":"first","11":"instock","12":"shipping-taxable","13":"purchasable","14":"product-type-simple"},"_links":{"self":[{"href":"https:\/\/solenemaro41.fr\/index.php?rest_route=\/wp\/v2\/product\/640","targetHints":{"allow":["GET"]}}],"collection":[{"href":"https:\/\/solenemaro41.fr\/index.php?rest_route=\/wp\/v2\/product"}],"about":[{"href":"https:\/\/solenemaro41.fr\/index.php?rest_route=\/wp\/v2\/types\/product"}],"replies":[{"embeddable":true,"href":"https:\/\/solenemaro41.fr\/index.php?rest_route=%2Fwp%2Fv2%2Fcomments&post=640"}],"wp:featuredmedia":[{"embeddable":true,"href":"https:\/\/solenemaro41.fr\/index.php?rest_route=\/wp\/v2\/media\/222"}],"wp:attachment":[{"href":"https:\/\/solenemaro41.fr\/index.php?rest_route=%2Fwp%2Fv2%2Fmedia&parent=640"}],"wp:term":[{"taxonomy":"product_brand","embeddable":true,"href":"https:\/\/solenemaro41.fr\/index.php?rest_route=%2Fwp%2Fv2%2Fproduct_brand&post=640"},{"taxonomy":"product_cat","embeddable":true,"href":"https:\/\/solenemaro41.fr\/index.php?rest_route=%2Fwp%2Fv2%2Fproduct_cat&post=640"},{"taxonomy":"product_tag","embeddable":true,"href":"https:\/\/solenemaro41.fr\/index.php?rest_route=%2Fwp%2Fv2%2Fproduct_tag&post=640"}],"curies":[{"name":"wp","href":"https:\/\/api.w.org\/{rel}","templated":true}]}}